2202
10101000110011111010000 (base 2) to base 16
5467d0
What is -121411 (base 7) in base 3?
-1010101121
-dc9ef (base 16) to base 13
-258417
c0559 (base 15) to base 12
254319
What is 19cd8 (base 15) in base 13?
2c261
What is -22400043 (base 5) in base 12?
-97907
-3745a (base 13) to base 9
-164585
What is 912361 (base 16) in base 7?
143564062
122112021011 (base 3) to base 7
2634601
Convert 45d3b7 (base 14) to base 2.
1001000101000000010101
What is 52562 (base 8) in base 16?
5572
Convert 7755468 (base 10) to base 2.
11101100101011011001100
Convert -1bc8a (base 14) to base 5.
-4233244
What is 1514503 (base 6) in base 5?
10303004
-100232440 (base 5) to base 13
-10c887
What is -21222020122 (base 3) in base 4?
-212103302
11010001010001110000011 (base 2) to base 3
110220101212022
22232 (base 11) to base 6
405101
-111110101010101100010 (base 2) to base 4
-13311111202
What is 1170557 (base 8) in base 4?
1033011233
What is 3120303110 (base 4) in base 2?
11011000110011010100
What is -485b41 (base 12) in base 15?
-182194
Convert 48bb0 (base 15) to base 16.
38acc
20210542 (base 6) to base 12
239a52
What is -2ca0 (base 13) in base 6?
-50200
What is 405449 (base 13) in base 15?
1e87ce
What is -20333 (base 4) in base 16?
-23f
-5a8b80 (base 13) to base 11
-1247064
3084340 (base 9) to base 10
1650006
3353112 (base 7) to base 13
117735
Convert -5e57c (base 16) to base 5.
-44331203
What is 120202002330 (base 4) in base 5?
3121242113
Convert -32b85 (base 16) to base 6.
-4241445
Convert -341808 (base 9) to base 6.
-4220012
What is -220112020101000 (base 3) in base 9?
-26466330
What is -2203114413 (base 5) in base 3?
-22220202022122
22989 (base 12) to base 10
46329
c5a367 (base 13) to base 9
8622584
Convert 111111011010110 (base 2) to base 16.
7ed6
Convert -500413013 (base 6) to base 11.
-4839490
Convert -d956a0 (base 15) to base 13.
-21b3127
Convert -15267324 (base 8) to base 5.
-1344024110
What is -4444441 (base 5) in base 16?
-13129
What is -31220113100 (base 4) in base 6?
-204330332
Convert -1b635 (base 13) to base 8.
-151032
Convert 1101101001110 (base 2) to base 16.
1b4e
What is -5d9b4e (base 16) in base 7?
-103100102
What is -120012001212 (base 3) in base 16?
-48fbc
13041411 (base 5) to base 14
34799
What is 2419 (base 11) in base 5?
100131
-39774 (base 11) to base 8
-156776
Convert -614832 (base 13) to base 8.
-10512604
Convert 3030103433 (base 5) to base 13.
1356414
What is 501046 (base 9) in base 4?
1020101100
1100101110001111001 (base 2) to base 10
416889
What is 431012 (base 7) in base 3?
10210120202
Convert -100010100110000111 (base 2) to base 15.
-2bebd
Convert 202cd4 (base 15) to base 14.
2badd5
-17a650 (base 11) to base 14
-73269
Convert -202214 (base 7) to base 9.
-52172
What is 6042065 (base 9) in base 7?
36224165
-4341014 (base 5) to base 12
-37151
What is -4e046 (base 15) in base 12?
-1006a0
489696 (base 10) to base 5
111132241
-1202235 (base 7) to base 10
-152073
Convert 26863 (base 9) to base 6.
220133
24605421 (base 7) to base 10
2220450
Convert -1111011000111111100110 (base 2) to base 13.
-ab34ca
-44651b (base 13) to base 14
-2dddd9
What is 26032 (base 10) in base 6?
320304
-4e83 (base 16) to base 11
-14112
-111647 (base 10) to base 13
-3ba83
What is 40922 (base 10) in base 13?
1581b
Convert -160893 (base 13) to base 9.
-1018360
What is 3099 (base 13) in base 15?
1ecc
430513 (base 6) to base 3
1210021000
1312327 (base 8) to base 7
3052265
-13a89b (base 12) to base 13
-b7032
Convert -2101212211 (base 3) to base 15.
-e034
Convert -31554151 (base 8) to base 6.
-400244013
What is 100320312 (base 4) in base 13?
25641
What is -1347001 (base 10) in base 8?
-5106671
2047471 (base 8) to base 9
1020006
Convert -635261 (base 8) to base 5.
-23233013
What is 2673 (base 10) in base 13?
12a8
Convert 1212011102 (base 3) to base 10.
36569
What is 204551 (base 10) in base 2?
110001111100000111
Convert -95011 (base 12) to base 4.
-233223031
-2043103 (base 5) to base 16
-8569
3242541 (base 7) to base 5
100202000
What is 24312321 (base 5) in base 11?
147130
What is -2377881 (base 10) in base 4?
-21010202121
27de8d (base 16) to base 3
11220202012020
What is 3213170 (base 8) in base 4?
3101121320
What is -4531 (base 12) in base 16?
-1df5
Convert 53421 (base 16) to base 15.
6b0a0
-558622 (base 11) to base 12
-36ab6a
Convert 133003021003 (base 4) to base 13.
18bc995
Convert -26b79 (base 16) to base 4.
-212231321
What is 7132012 (base 8) in base 7?
21663152
-2292a04 (base 12) to base 10
-6661156
What is -294c3f (base 16) in base 2?
-1010010100110000111111
What is 135204 (base 7) in base 12?
12b43
122545303 (base 6) to base 11
1384739
-506579a (base 11) to base 9
-17755508
What is 67709 (base 14) in base 11?
16170a
510753 (base 9) to base 2
1001001110101010101
What is -11101132302 (base 4) in base 7?
-14515044
Convert 44008 (base 10) to base 4.
22233220
-3542b5 (base 15) to base 10
-2545370
Convert 46452 (base 8) to base 3.
1000002122
What is -37d66 (base 16) in base 6?
-4522502
What is 1110101010010011011111 (base 2) in base 14?
720891
What is 2122201220 (base 3) in base 15?
10766
-3032224 (base 6) to base 13
-5093b
What is 140514 (base 14) in base 7?
5612624
-1c5af (base 16) to base 14
-3047d
348891 (base 11) to base 16
871d9
-2010525 (base 7) to base 11
-152870
Convert 37a246 (base 14) to base 7.
22144216
Convert 312969 (base 14) to base 8.
6250541
255367 (base 10) to base 13
8c308
3036014 (base 8) to base 7
6546423
Convert -1021200102212 (base 3) to base 12.
-28b088
Convert 55a1 (base 12) to base 8.
22411
Convert -172a (base 11) to base 16.
-8a2
217167 (base 15) to base 9
2887557
What is -16075734 (base 8) in base 7?
-43315125
5b9487 (base 16) to base 6
332350035
What is -267436 (base 8) in base 12?
-4647a
Convert 11211220200 (base 3) to base 10.
95436
What is 130906 (base 10) in base 13?
47779
What is -1b12349 (base 12) in base 10?
-5747817
What is 346481 (base 12) in base 3?
1120200220221
-12521255 (base 6) to base 7
-3346016
What is e4ea (base 15) in base 2?
1011110011110010
Convert 2a914 (base 15) to base 6.
2534244
-15146e (base 15) to base 13
-297b06
ac03 (base 15) to base 7
211164
What is 2122210112 (base 3) in base 9?
78715
What is -154440555 (base 6) in base 8?
-14462027
What is -30313231102 (base 4) in base 5?
-1330431111
What is 1add54 (base 14) in base 8?
3523426
-2bc7 (base 13) to base 12
-3868
Convert 113302031 (base 4) to base 8.
276215
-1023937 (base 10) to base 5
-230231222
-10021102222 (base 3) to base 2
-1111101111011011
55464 (base 10) to base 2
1101100010101000
Convert 670207 (base 13) to base 15.
32e63a
What is 21213213102 (base 4) in base 6?
130013510
What is -3511015 (base 7) in base 15?
-8a45d
Convert 233740 (base 12) to base 5.
121103422
Convert -20112022012010 (base 3) to base 10.
-3470178
-100000110110110101 (base 2) to base 7
-1100236
Convert -80351 (base 12) to base 6.
-3322141
What is -305601 (base 10) in base 9?
-515176
2341521 (base 8) to base 10
639825
What is 56020 (base 7) in base 6?
145101
What is a9412 (base 16) in base 9?
1265875
Convert 39c857 (base 14) to base 8.
7466075
-225246 (base 7) to base 13
-15432
What is 11533233 (base 6) in base 16?
5a5b5
754e7e (base 15) to base 5
2412214034
What is -4202201 (base 5) in base 3?
-10111201110
-3f1823 (base 16) to base 10
-4134947
577701 (base 10) to base 6
20214313
Convert -1111210203 (base 4) to base 2.
-1010101100100100011
What is -7453544 (base 8) in base 6?
-110341444
Convert -6a6b8b (base 14) to base 16.
-376317
1000011011000010111100 (base 2) to base 5
1031123212
Convert -5223306 (base 7) to base 14.
-124b3d
What is -35451131 (base 6) in base 13?
-2cb882
Convert -100122101133 (base 4) to base 7.
-51365016
-79680 (base 10) to base 7
-451206
-5553434 (base 7) to base 12
-29087b
Convert 166258 (base 11) to base 4.
332302210
What is -310c13 (base 13) in base 5?
-243110414
Convert -30615 (base 12) to base 6.
-1204025
-20505431 (base 6) to base 10
-599995
What is -1ec9b (base 15) in base 6?
-2054145
What is -1011110111111000110 (base 2) in base 10?
-389062
What is -2121342433 (base 5) in base 10?
-4480993
60065 (base 9) to base 2
1001101000000001
Convert 24033154 (base 6) to base 14.
157a22
What is 4683512 (base 9) in base 3?
11202210120102
2d1539 (base 15) to base 7
24353565
-3